{"id":221,"date":"2022-09-12T23:07:43","date_gmt":"2022-09-12T23:07:43","guid":{"rendered":"http:\/\/friseursalon-joern-ulrich.de\/wordpress\/?page_id=221"},"modified":"2026-02-13T11:45:27","modified_gmt":"2026-02-13T11:45:27","slug":"mobile-schere","status":"publish","type":"page","link":"https:\/\/haarwerk-kreuzviertel.de\/?page_id=221","title":{"rendered":"MOBILE SCHERE"},"content":{"rendered":"<h2><span class=\"Stil43\"><span style=\"color: #993366;\">Keine Zeit zum Friseur zu gehen?<\/span><\/span><\/h2>\n<p><span class=\"Stil44\">Wir haben die <\/span><strong><span class=\"Stil33\">Mobile Schere<\/span><\/strong><span class=\"Stil37\">!<\/span><br \/>\n<span class=\"Stil43\">Wir bieten Hausbesuche f\u00fcr:<\/span><\/p>\n<p>\u2013 Fotoshootings &amp; Modenschauen,<br \/>\n\u2013 Menschen ohne Mobilit\u00e4t,<br \/>\n\u2013 M\u00fctter &amp; V\u00e4ter ohne Babysitter<br \/>\n\u2013 Mittagspausen im B\u00fcro,<br \/>\n\u2013 Hochzeiten &amp; Galas<br \/>\n\u2013 und Ihren ganz pers\u00f6nlichen Anlass!<\/p>\n<p>Bitte beachten sie, dass hier zus\u00e4tzliche Kosten f\u00fcr Anfahrt und Aufwand in H\u00f6he von 50,00 \u20ac entstehen!<\/p>\n","protected":false},"excerpt":{"rendered":"<p>Keine Zeit zum Friseur zu gehen? Wir haben die Mobile Schere! Wir bieten Hausbesuche f\u00fcr: \u2013 Fotoshootings &amp; Modenschauen, \u2013 Menschen ohne Mobilit\u00e4t, \u2013 M\u00fctter &amp; V\u00e4ter ohne Babysitter \u2013&hellip; <a class=\"excerpt-more-link\" href=\"https:\/\/haarwerk-kreuzviertel.de\/?page_id=221\">Weiterlesen<\/a><\/p>\n","protected":false},"author":1,"featured_media":0,"parent":0,"menu_order":0,"comment_status":"closed","ping_status":"closed","template":"","meta":{"spay_email":""},"_links":{"self":[{"href":"https:\/\/haarwerk-kreuzviertel.de\/index.php?rest_route=\/wp\/v2\/pages\/221"}],"collection":[{"href":"https:\/\/haarwerk-kreuzviertel.de\/index.php?rest_route=\/wp\/v2\/pages"}],"about":[{"href":"https:\/\/haarwerk-kreuzviertel.de\/index.php?rest_route=\/wp\/v2\/types\/page"}],"author":[{"embeddable":true,"href":"https:\/\/haarwerk-kreuzviertel.de\/index.php?rest_route=\/wp\/v2\/users\/1"}],"replies":[{"embeddable":true,"href":"https:\/\/haarwerk-kreuzviertel.de\/index.php?rest_route=%2Fwp%2Fv2%2Fcomments&post=221"}],"version-history":[{"count":5,"href":"https:\/\/haarwerk-kreuzviertel.de\/index.php?rest_route=\/wp\/v2\/pages\/221\/revisions"}],"predecessor-version":[{"id":360,"href":"https:\/\/haarwerk-kreuzviertel.de\/index.php?rest_route=\/wp\/v2\/pages\/221\/revisions\/360"}],"wp:attachment":[{"href":"https:\/\/haarwerk-kreuzviertel.de\/index.php?rest_route=%2Fwp%2Fv2%2Fmedia&parent=221"}],"curies":[{"name":"wp","href":"https:\/\/api.w.org\/{rel}","templated":true}]}}